1.
77
What is the remainder when 5110036 is divided by 851670?
16
What is the remainder when 1434426 is divided by 12?
6
Calculate the remainder when 309684 is divided by 28150.
34
What is the remainder when 9938856 is divided by 273?
18
Calculate the remainder when 52958298 is divided by 21598.
2
What is the remainder when 183824 is divided by 492?
308
What is the remainder when 69020 is divided by 1150?
20
Calculate the remainder when 257459 is divided by 20.
19
Calculate the remainder when 12311924 is divided by 3388.
3320
Calculate the remainder when 20807452 is divided by 611983.
30
What is the remainder when 42445 is divided by 4291?
3826
What is the remainder when 7027929 is divided by 1171318?
21
What is the remainder when 399754 is divided by 398931?
823
Calculate the remainder when 34027403 is divided by 47326.
9
What is the remainder when 55638912 is divided by 1759?
1742
What is the remainder when 1514373 is divided by 1679?
1594
What is the remainder when 3072395 is divided by 169?
144
Calculate the remainder when 5305215 is divided by 102023.
19
Calculate the remainder when 16370428 is divided by 81.
4
Calculate the remainder when 158795325 is divided by 192.
189
Calculate the remainder when 3633588 is divided by 1142.
886
What is the remainder when 258322 is divided by 1231?
1043
What is the remainder when 60966640 is divided by 66?
64
Calculate the remainder when 303785713 is divided by 4.
1
What is the remainder when 102223440 is divided by 89?
87
What is the remainder when 10106005 is divided by 268?
261
What is the remainder when 493889 is divided by 317?
3
What is the remainder when 4964954 is divided by 4964910?
44
Calculate the remainder when 952698 is divided by 14008.
154
What is the remainder when 195780 is divided by 1731?
177
What is the remainder when 234149039 is divided by 2504?
2503
What is the remainder when 247470 is divided by 122858?
1754
What is the remainder when 836260 is divided by 499?
435
What is the remainder when 19066305 is divided by 190?
185
Calculate the remainder when 30581910 is divided by 6116378.
20
What is the remainder when 4326924 is divided by 1438?
1420
Calculate the remainder when 1779432 is divided by 5.
2
Calculate the remainder when 8499031 is divided by 1606.
79
What is the remainder when 2560501 is divided by 2655?
1081
What is the remainder when 4862235 is divided by 79?
22
Calculate the remainder when 132500 is divided by 1784.
484
Calculate the remainder when 118927799 is divided by 360.
359
What is the remainder when 10857 is divided by 789?
600
What is the remainder when 12015399 is divided by 100?
99
Calculate the remainder when 1634655 is divided by 1601.
34
What is the remainder when 1060371 is divided by 1121?
1026
Calculate the remainder when 4407148 is divided by 169504.
44
Calculate the remainder when 178023 is divided by 18.
3
Calculate the remainder when 3726772 is divided by 17579.
24
Calculate the remainder when 361169 is divided by 1705.
1414
What is the remainder when 1384895 is divided by 5054?
99
What is the remainder when 82822 is divided by 8037?
2452
Calculate the remainder when 51900 is divided by 2582.
260
Calculate the remainder when 61631 is divided by 3083.
3054
Calculate the remainder when 21701166 is divided by 628.
626
Calculate the remainder when 5170513 is divided by 59.
48
What is the remainder when 74076 is divided by 36914?
248
What is the remainder when 13266527 is divided by 1056?
1055
What is the remainder when 463207 is divided by 961?
5
What is the remainder when 1764934 is divided by 1099?
1039
What is the remainder when 26731875 is divided by 1485103?
21
Calculate the remainder when 4870151 is divided by 91.
13
Calculate the remainder when 44351 is divided by 1840.
191
Calculate the remainder when 12999 is divided by 997.
38
Calculate the remainder when 10674602 is divided by 3558180.
62
What is the remainder when 268999022 is divided by 7?
5
Calculate the remainder when 764775 is divided by 22493.
13
What is the remainder when 160738 is divided by 19?
17
What is the remainder when 824739 is divided by 137452?
27
What is the remainder when 4162735 is divided by 31?
24
Calculate the remainder when 390854 is divided by 195380.
94
What is the remainder when 16374602 is divided by 2729099?
8
Calculate the remainder when 160187 is divided by 22850.
237
Calculate the remainder when 97747076 is divided by 95.
56
What is the remainder when 40009910 is divided by 343?
332
Calculate the remainder when 38253 is divided by 3820.
53
What is the remainder when 1493613 is divided by 256?
109
What is the remainder when 13345781 is divided by 4448588?
17
Calculate the remainder when 38694 is divided by 85.
19
Calculate the remainder when 927068932 is divided by 13.
10
What is the remainder when 45523 is divided by 1299?
58
What is the remainder when 91280 is divided by 320?
80
What is the remainder when 839483 is divided by 2798?
83
Calculate the remainder when 5854326 is divided by 46.
44
Calculate the remainder when 16296277 is divided by 484.
481
Calculate the remainder when 90035720 is divided by 1452189.
2
What is the remainder when 4792823 is divided by 2222?
2191
Calculate the remainder when 140164 is divided by 92.
48
What is the remainder when 31213343 is divided by 1506?
1493
What is the remainder when 197364 is divided by 502?
78
Calculate the remainder when 192894 is divided by 192338.
556
Calculate the remainder when 404644 is divided by 235.
209
What is the remainder when 14245935 is divided by 291?
30
What is the remainder when 339962 is divided by 67963?
147
What is the remainder when 887153 is divided by 14542?
91
Calculate the remainder when 25188236 is divided by 330.
326
Calculate the remainder when 2005604 is divided by 1358.
1196
Calculate the remainder when 2387298 is divided by 210.
18
What is the remainder when 96829 is divided by 318?
157
Calculate the remainder when 1350075 is divided by 182.
181
Calculate the remainder when 19454003 is divided by 39702.
23
Calculate the remainder when 1282629 is divided by 15.
9
Calculate the remainder when 2024738 is divided by 138.
2
What is the remainder when 20306299 is divided by 4061259?
4
What is the remainder when 73966 is divided by 5816?
4174
Calculate the remainder when 166166939 is divided by 5308.
5307
What is the remainder when 4054478 is divided by 777?
92
Calculate the remainder when 15513 is divided by 4791.
1140
Calculate the remainder when 6735869 is divided by 215.
134
What is the remainder when 59262848 is divided by 971522?
6
What is the remainder when 56672 is divided by 14030?
552
What is the remainder when 247637 is divided by 27411?
938
Calculate the remainder when 25616507 is divided by 2336.
2267
Calculate the remainder when 6882355 is divided by 2293985.
400
Calculate the remainder when 3319847 is divided by 6653.
0
Calculate the remainder when 2495015 is divided by 4392.
359
What is the remainder when 9447807 is divided by 393658?
15
What is the remainder when 31034299 is divided by 164?
87
What is the remainder when 22442 is divided by 3740?
2
Calculate the remainder when 3632 is divided by 182.
174
Calculate the remainder when 459647 is divided by 153175.
122
Calculate the remainder when 728592 is divided by 77.
18
Calculate the remainder when 3684980 is divided by 216.
20
What is the remainder when 888816 is divided by 21674?
182
What is the remainder when 2901834 is divided by 3426?
12
What is the remainder when 295334 is divided by 142?
116
What is the remainder when 72594472 is divided by 702?
652
What is the remainder when 178928 is divided by 44728?
16
Calculate the remainder when 141988 is divided by 2960.
2868
What is the remainder when 925241 is divided by 420?
401
What is the remainder when 372708177 is divided by 172?
1
Calculate the remainder when 38013 is divided by 2135.
1718
What is the remainder when 3482235 is divided by 341?
284
What is the remainder when 3708576 is divided by 1236191?
3
Calculate the remainder when 841446475 is divided by 1389.
1387
Calculate the remainder when 126593023 is divided by 975.
973
Calculate the remainder when 33025 is divided by 33025.
0
What is the remainder when 147715306 is divided by 261?
7
What is the remai